f(a). Suppose -i + w = i. What is the units digit of i?
5
Let q(u) = u - 1. Let s(o) = o**3 - 11*o**2 + 12*o - 2. Let b(z) = 2*q(z) + s(z). Let h be b(10). What is the units digit of h/(-9)*1/(-4)?
1
Let f(p) = 3*p**2 - 2*p - 4. Suppose -12 = 8*h - 11*h. What is the units digit of f(h)?
6
Suppose -n + 2*h = 7, 0 = 2*n - 7*n - 3*h + 4. Let m be ((n - -1) + -1)*-2. What is the units digit of ((9 + -2)*m)/2?
7
Let o = 61 + -19. What is the units digit of o?
2
Let r(j) = 1 + 3 + j**2 + 2*j**2 - j. What is the tens digit of r(3)?
2
Let p(q) = 3*q**3 - 2*q**2 - 6*q + 6. What is the units digit of p(3)?
1
Let q(u) = 2*u + 1. Let s(r) = -10*r**2 - 4*r - 3. Let b(k) = 9*k**2 + 3*k + 2. Let z(h) = 3*b(h) + 2*s(h). Let y be z(-1). What is the tens digit of q(y)?
1
Let j(u) = -50*u. Let g be j(-1). Let n = g + -31. What is the units digit of n?
9
Let v = -32 - -47. What is the units digit of v?
5
Suppose 2*n - 11*n + 1971 = 0. What is the hundreds digit of n?
2
Let c be -1 - 3/((-9)/6). Suppose -c - 1 = -x. What is the units digit of -3 - (1 - x) - -5?
3
What is the tens digit of 750/26 - 2/(-13)?
2
Suppose -h = 4*h - 90. Suppose 0 = -4*j + 2 + h. What is the units digit of j?
5
Let u(l) = 4*l + 12. Suppose y = -y - 3*n - 1, 0 = -5*y - 3*n + 11. What is the tens digit of u(y)?
2
Suppose -2*p + 4*g = -7*p - 4, 2 = -2*g. Suppose -4*w + 3*y + 12 = 0, -w + 0*y - y + 3 = 0. Suppose -w*a + 6*a - 42 = p. What is the tens digit of a?
1
Suppose -2*i + 3*i = 35. What is the tens digit of i?
3
Let r(m) = 2*m**2 + 9*m - 3. What is the units digit of r(-7)?
2
Let j(f) = f**3 - 5*f**2 - 2*f - 9. What is the hundreds digit of j(9)?
2
Suppose -112 = -2*d - 34. Let p = d - 25. What is the units digit of (-6)/(-4)*p/3?
7
Suppose -5*o = -4*k - 2*o + 14, 0 = 2*o + 4. What is the units digit of k?
2
Suppose z = -z + 6, -3*v - 2*z - 12 = 0. Let r = 7 + v. What is the units digit of -5*1*(-2 + r)?
5
Let k(d) = -2 - 1 + 0*d**2 - d - 2*d**2 - 4*d. Let r be k(-4). What is the units digit of 18/r*10/(-3)?
4
Suppose s = 2*s + 6. Let q(g) = 5*g**3 + 7*g**2 - 7. Let a(n) = -n**3 - n. Let w(b) = s*a(b) - q(b). What is the units digit of w(6)?
7
Let y(a) = -a + 8. Let x be y(-11). What is the tens digit of x + (-3 - -2 - 1)?
1
Let y(b) = -5*b + 5*b + b + 3*b. What is the units digit of y(1)?
4
Let d = 5 + -3. Suppose -2*w + 2 + d = 0. What is the units digit of w?
2
Suppose -3*x + 93 = -6. What is the tens digit of x?
3
Let d be -15*(2 + (-24)/10). Let z = d - 5. Let g = 0 + z. What is the units digit of g?
1
Let y(z) = z**3 + 11*z**2 + 9*z - 21. What is the units digit of y(-9)?
0
Suppose 38 = 6*w - 46. What is the tens digit of w?
1
Let r(j) = -87*j**3 - 2*j**2 + 2*j - 1. Let k be r(1). What is the units digit of 7/35 + k/(-10)?
9
Let m = 55 + 25. Suppose 0 = -3*r - r + m. What is the tens digit of (9/(-6))/((-2)/r)?
1
Let i = -11 + 7. What is the units digit of (i/6)/(4/(-18))?
3
Let z(s) = 6*s**2 - 11*s + 29. What is the hundreds digit of z(5)?
1
Suppose 4*z - 10 = -2*j, 0*j = 3*z - 3*j - 12. What is the units digit of z?
3
Let z = 0 - 9. Let c be z/(-4) - (-1)/(-4). Suppose -2*v - c*v = -32. What is the units digit of v?
8
Suppose 4*l = 89 + 47. Let a = l + -24. What is the tens digit of a?
1
Let n = 216 + -50. What is the tens digit of n?
6
Let h = -13 + 36. Suppose 9 = 4*d - h. Suppose -19 = -3*k + d. What is the units digit of k?
9
Let z(x) = -x**3 - 5*x**2 - 2*x - 7. Let g be z(-5). What is the units digit of (0 - g)/(-3) - -12?
3
Suppose -x = x - 22. Suppose -6 = 3*v, -4*l + 2*v - v + 66 = 0. Let y = l - x. What is the units digit of y?
5
What is the units digit of 45/6*(-8)/(-6)?
0
Let c(o) = o**2 + 7. What is the tens digit of c(5)?
3
Suppose 3*m = -4*s + 106, 5*s = 5*m - 47 - 153. Suppose 4*c = 2*z + m, 25 = -8*z + 3*z. What is the units digit of c?
7
What is the units digit of (8/6 - 4/(-6))*52?
4
Let r(y) = y**2 + 2*y - 12. What is the tens digit of r(-9)?
5
Suppose -35 = 2*s - 0*d + 5*d, -3*s - 2*d = 25. Let a(b) = b**3 + b**2 - 5. Let p be a(0). What is the units digit of 6 - p/(s/(-2))?
8
Let o be ((-4)/(-3))/(8/12). Suppose -o*y = 2*y - 164. What is the units digit of y?
1
Suppose -4*o = 2*y - 22, 3*o - 3*y = -5*y + 17. Suppose 0*c - 5*l - 113 = -4*c, -o*c + 3*l = -151. What is the tens digit of c?
3
Let i(s) = -s**2 + 1 + 0*s**2 + 4*s**2 - 2*s**2 + 8*s. What is the units digit of i(-9)?
0
What is the units digit of (73/(-4))/(((-35)/(-20))/(-7))?
3
Suppose c - 347 = -4*n, n - 1754 = -9*c + 4*c. What is the hundreds digit of c?
3
Let r = -6 + 8. Suppose 2*i + 12 = 2, -4*v - r*i = -70. Suppose 3*f = -2*f + v. What is the units digit of f?
4
Let x = -93 - -171. Suppose -4*y = 3*l - x, -3*l + 5*y + 73 = l. What is the units digit of l?
2
Let h = 24 - 16. What is the units digit of h?
8
Suppose 0 = -5*i + 5 + 5. Suppose i*n = 4 - 0. Suppose 0 = -j - n*j + 15. What is the units digit of j?
5
Suppose l - 70 = -17. What is the units digit of l?
3
Let k(n) = 5*n**3 + 9*n**2 + 5. Let o(i) = i**3 + 2*i**2 + 1. Let m(j) = -2*k(j) + 9*o(j). Let c be m(-2). Suppose -f = 2 - c. What is the units digit of f?
5
Let p be 6/4 - (-5)/(-10). What is the units digit of (p + 1)/((-2)/(-13))?
3
Suppose 285 = 6*j + 93. What is the units digit of j?
2
Suppose -6*n = -2*n - 392. What is the units digit of n?
8
Suppose -2*w = 3*u + u - 6, 3*u + 3*w + 3 = 0. Suppose 0*h = 2*h - 4*d + 8, -d + u = 0. Suppose h*m = 5*f - 13, 2*f - 2 - 11 = -m. What is the units digit of m?
3
Let i be 1/1 + 7/(-1). Let s be 4*(-9)/i - 2. Suppose 5*l - 40 = 5*b, -s*b - 5 = -1. What is the units digit of l?
7
Suppose -22 = -3*q + 53. What is the units digit of q?
5
Let o(f) = -f**3 + 3*f**2 + 3*f + 2. Let h be o(4). Let w = -6 - -3. What is the units digit of h/6*11*w?
1
Suppose -5*m + 866 = 136. What is the units digit of m?
6
Suppose k + 0 - 4 = 0. Let r(o) = 5*o + 1. What is the units digit of r(k)?
1
Let i be (16/6)/((-2)/(-3)). Suppose 0 = -t + 5*d + 26, -i*t - 14 = 4*d + 2. What is the units digit of ((-9)/6)/(t/(-4))?
6
Let w(y) = -y**2 + 4*y - 2. Let h be w(2). Let z be h/2 - 2/(-1). Suppose -32 + z = -5*b + 2*t, -b - 3 = 4*t. What is the units digit of b?
5
Suppose 11*w - 5*w - 18 = 0. What is the tens digit of ((-1)/w)/(2/(-60))?
1
Let p(l) = 4*l + 34. Let t(c) = -c - 1. Let v(w) = p(w) + 6*t(w). What is the units digit of v(0)?
8
What is the units digit of (-86 - 8)*(-2)/4?
7
Let i(v) = v**3 - 6*v**2 - 5. Let a be i(8). Suppose -2*m - m + a = 0. What is the tens digit of m?
4
Suppose -5 = 2*g + 3*n + 2*n, -g = -3*n - 14. Let l = g - -6. What is the units digit of l?
1
Let g(t) = -t**3 + 7*t**2 + t + 8. Suppose 2*y + 6 = -4*h, h - 4*y - 7 = 5. Let i(w) = w**3 - w**2 + w + 7. Let b be i(h). What is the tens digit of g(b)?
1
Let a(b) be the first derivative of 2 + 1/2*b**2 - 2*b. What is the units digit of a(4)?
2
Suppose 0 = -2*y + 11*y - 864. What is the units digit of y?
6
Let i be (-6)/(-2)*(4 - 3). Suppose 2*m + 5*y - 38 = i*y, 4*m - 5*y - 67 = 0. Suppose -m + 75 = 3*b. What is the tens digit of b?
1
Suppose 0 = -4*v + 33 + 3. Suppose -50 = -v*k + 4*k. What is the tens digit of k?
1
Let t(f) = -f - 10. Let i(d) = 2*d + 21. Let k(l) = -6*i(l) - 13*t(l). What is the units digit of k(4)?
8
Let j(y) = 2*y - 9. Let i be j(6). Suppose i*z + 26 = 5*f + 2*z, 0 = 2*f + 3*z - 24. What is the units digit of f?
6
Let n = 6 + -3. Let r = 3 - 4. Let h = n + r. What is the units digit of h?
2
Suppose 0 = 2*b + 5*k + 11, -10 = 2*b - 4*b + 2*k. Suppose 3*o - b - 7 = 0. Suppose -5*n = -2*n - o. What is the units digit of n?
1
Suppose 4*q = 9*q + 270. Let n be 16/(-9) - (-12)/q. What is the units digit of 2/1 - (n - -3)?
1
Let q(z) = z**3 - 22*z**2 + 5*z - 54. What is the tens digit of q(22)?
5
Let l(j) = -5*j + 3*j**2 - 4*j**2 + 2 + 8*j**2 - j**3 + 0*j. What is the units digit of l(6)?
8
Let w = 3 + -5. Let k be w/3*(-12)/8. What is the units digit of ((-1)/3)/(k/(-12))?
4
Suppose -5*a + 115 = 2*r - 288, -320 = -4*a - r. Suppose -a + 34 = -5*q. What is the units digit of q?
9
Let c(j) = j**3 + 15*j**2 - 16*j + 19. What is the tens digit of c(-16)?
1
Let t(m) = 3*m - 1. Let j be t(1). Let k be 3/1*2/j. Suppose -5*h = -22 - k. What is the units digit of h?
5
Suppose 4*h - 2*h = 3*j - 5, 11 = 5*j - 2*h. Suppose 5*n = 3*t